est common divisor of 1493387 and 48818.
2219
What is the highest common factor of 1421051720 and 80?
40
What is the highest common factor of 66015 and 6591720?
2445
Calculate the highest common divisor of 47905 and 117772265.
4355
What is the highest common factor of 2337540 and 30?
30
Calculate the greatest common divisor of 22721308 and 1192.
596
What is the highest common factor of 51743 and 15163?
59
What is the highest common factor of 617705520 and 60?
60
What is the greatest common divisor of 53583026 and 98?
14
What is the highest common factor of 83 and 101722891?
83
Calculate the highest common divisor of 2574923 and 642523.
4831
What is the highest common divisor of 7810 and 3516810?
110
What is the highest common divisor of 7626 and 11521?
41
What is the highest common factor of 209498 and 4891490?
1922
What is the greatest common divisor of 103822 and 357420?
1702
What is the highest common factor of 69 and 1835193?
69
Calculate the highest common factor of 163604839 and 2888.
361
Calculate the greatest common divisor of 38742 and 70554.
66
Calculate the greatest common factor of 74045671 and 15341.
667
What is the greatest common divisor of 188846340 and 120?
60
What is the greatest common divisor of 726884 and 44?
4
Calculate the greatest common factor of 1420481 and 1175.
47
What is the highest common factor of 1416 and 395130552?
1416
Calculate the greatest common divisor of 176000 and 6040.
40
What is the highest common divisor of 726669 and 267471?
2367
What is the highest common divisor of 4884 and 7786317?
1221
What is the greatest common factor of 3304 and 11241034?
826
Calculate the highest common factor of 115572286 and 46.
46
Calculate the highest common factor of 7092133 and 32419.
1907
Calculate the highest common divisor of 11613 and 427.
7
What is the highest common divisor of 372569939 and 3703?
3703
Calculate the greatest common divisor of 378614188 and 356.
356
What is the greatest common factor of 120243870 and 7075?
1415
Calculate the greatest common factor of 74136 and 15928.
8
What is the greatest common factor of 903904381 and 89?
89
What is the highest common divisor of 121667994 and 4464?
558
Calculate the highest common factor of 1156554 and 107401.
469
Calculate the highest common divisor of 34503544 and 152.
152
What is the greatest common divisor of 227 and 3655961666?
227
Calculate the greatest common divisor of 77153010 and 33.
33
What is the greatest common divisor of 152102220 and 28842?
2622
Calculate the greatest common divisor of 90 and 363276882.
18
Calculate the highest common divisor of 2674104 and 54672.
1608
Calculate the greatest common factor of 204400271 and 19.
19
What is the greatest common divisor of 6245793 and 1548?
387
Calculate the highest common factor of 1478 and 264561261.
739
Calculate the greatest common divisor of 282357231 and 29010.
2901
Calculate the greatest common divisor of 59654460 and 660.
60
Calculate the greatest common factor of 43345856 and 64.
64
Calculate the greatest common divisor of 845 and 201981.
13
Calculate the highest common factor of 207016400 and 1520.
1520
What is the highest common factor of 166729465 and 133?
133
What is the highest common divisor of 1947120 and 39368?
1064
What is the greatest common divisor of 50659 and 11942?
7
What is the greatest common divisor of 8449 and 671993?
119
What is the highest common factor of 126881 and 4065803?
181
What is the highest common divisor of 2863544 and 279832?
2104
Calculate the greatest common factor of 4033127 and 14.
7
What is the highest common divisor of 279 and 19992?
3
Calculate the highest common factor of 3886701 and 1932.
483
Calculate the greatest common factor of 2313 and 49025577.
771
Calculate the highest common divisor of 1087062 and 29046.
618
Calculate the highest common divisor of 50101467 and 1599.
1599
What is the greatest common divisor of 171 and 992883?
57
What is the greatest common factor of 410 and 147748994?
82
Calculate the greatest common divisor of 1919 and 1395113.
1919
What is the highest common divisor of 65483 and 847?
11
Calculate the highest common divisor of 5379 and 1081223825.
1793
Calculate the highest common divisor of 92 and 632596439.
23
Calculate the greatest common factor of 60192864 and 864.
288
Calculate the greatest common factor of 5829752 and 973432.
2168
Calculate the highest common divisor of 714 and 3787668.
102
Calculate the greatest common factor of 300 and 413711300.
100
What is the greatest common factor of 4183424 and 28175?
1127
What is the greatest common factor of 1277 and 42994036?
1277
Calculate the greatest common factor of 1463077 and 22869.
77
Calculate the highest common factor of 248531 and 23550.
157
Calculate the greatest common divisor of 92 and 3558123.
23
Calculate the greatest common factor of 601 and 212130763.
601
What is the greatest common divisor of 22868 and 47324?
4
Calculate the highest common factor of 67662259 and 431.
431
Calculate the greatest common divisor of 3300346 and 131614.
1666
Calculate the highest common divisor of 5955648 and 87.
3
What is the greatest common factor of 434052 and 84?
12
What is the highest common divisor of 2202388 and 44696?
148
Calculate the greatest common divisor of 37665 and 28160055.
1215
Calculate the greatest common factor of 5790 and 1537412910.
5790
Calculate the highest common factor of 7 and 21094220.
7
Calculate the greatest common factor of 153786 and 228691.
71
What is the highest common factor of 12306 and 1983954?
42
What is the greatest common divisor of 198 and 25188444?
18
What is the highest common divisor of 301119 and 116571?
273
What is the highest common factor of 28 and 5216708?
28
Calculate the greatest common factor of 5834686 and 4576.
286
What is the highest common factor of 755358808 and 564?
188
What is the greatest common factor of 49115 and 493405?
55
Calculate the greatest common factor of 37552 and 36758714.
4694
Calculate the highest common factor of 273988604 and 12857.
989
What is the greatest common factor of 5609633 and 17?
1
Calculate the greatest common factor of 148874 and 5983846.
2222
Calculate the highest common factor of 856009 and 5698.
77
Calculate the highest common divisor of 24282 and 55380852.
1278
Calculate the highest common divisor of 1265 and 8882071.
253
Calculate the highest common factor of 221122 and 212724.
38
What is the greatest common factor of 3212 and 1063756?
292
What is the greatest common divisor of 624204 and 423?
9
Calculate the greatest common factor of 29343436 and 20.
4
What is the greatest common divisor of 1117773096 and 16?
8
What is the greatest common factor of 30 and 11222410?
10
What is the greatest common factor of 31185 and 180103?
77
Calculate the highest common factor of 1233655 and 85.
5
Calculate the greatest common factor of 2268507 and 4173.
321
Calculate the greatest common factor of 7200 and 45893025.
225
What is the highest common factor of 1892 and 738394624?
1892
Calculate the highest common divisor of 15788119 and 3457.
3457
Calculate the greatest common divisor of 749 and 3248627.
107
What is the highest common divisor of 471 and 556251?
471
What is the greatest common factor of 278171 and 23?
1
Calculate the highest common divisor of 33528 and 1453134.
762
What is the highest common factor of 19681264 and 2?
2
What is the highest common divisor of 52 and 195339872?
52
What is the highest common factor of 428 and 3869548?
428
Calculate the greatest common factor of 114327207 and 582.
291
Calculate the highest common factor of 60 and 187697130.
30
Calculate the greatest common factor of 9589547 and 2717.
209
What is the highest common divisor of 508596 and 3124?
44
Calculate the greatest common divisor of 1440 and 4509216.
288
Calculate the greatest common divisor of 8265 and 4668205.
95
What is the greatest common divisor of 60 and 18882330?
30
Calculate the greatest common divisor of 400 and 1502320.
80
Calculate the greatest common factor of 10811 and 1878269.
569
Calculate the greatest common factor of 225456 and 23856.
336
Calculate the greatest common divisor of 51703216 and 16.
16
What is the greatest common divisor of 213038391 and 909?
303
Calculate the greatest common factor of 